{"id":363,"date":"2017-06-23T18:07:02","date_gmt":"2017-06-23T16:07:02","guid":{"rendered":"http:\/\/therismos.pl\/drukarnia\/?page_id=363"},"modified":"2017-08-09T15:30:11","modified_gmt":"2017-08-09T13:30:11","slug":"naklejki","status":"publish","type":"page","link":"https:\/\/therismos.pl\/drukarnia\/naklejki\/","title":{"rendered":"Naklejki"},"content":{"rendered":"<section class=\"content\">\n<div class=\"text\"><\/div>\n<\/section>\n","protected":false},"excerpt":{"rendered":"<p>Oferujemy naklejki na papierze samoprzylepnym (druk cyfrowy). Naklejki wykonujemy w dowolnych formatach oraz kolorach. Istnieje r\u00f3wnie\u017c mo\u017cliwo\u015b\u0107 uszlachetnienia naklejek lakierem UV.<br \/>\nWygl\u0105d naklejek zale\u017cy od Pa\u0144stwa wyboru. Je\u017celi potrzebujecie Pa\u0144stwo pomocy przy stworzeniu projektu, nasi graficy ch\u0119tnie Wam pomog\u0105.<\/p>\n","protected":false},"author":1,"featured_media":573,"parent":0,"menu_order":0,"comment_status":"closed","ping_status":"closed","template":"page-offer.php","meta":[],"_links":{"self":[{"href":"https:\/\/therismos.pl\/drukarnia\/wp-json\/wp\/v2\/pages\/363"}],"collection":[{"href":"https:\/\/therismos.pl\/drukarnia\/wp-json\/wp\/v2\/pages"}],"about":[{"href":"https:\/\/therismos.pl\/drukarnia\/wp-json\/wp\/v2\/types\/page"}],"author":[{"embeddable":true,"href":"https:\/\/therismos.pl\/drukarnia\/wp-json\/wp\/v2\/users\/1"}],"replies":[{"embeddable":true,"href":"https:\/\/therismos.pl\/drukarnia\/wp-json\/wp\/v2\/comments?post=363"}],"version-history":[{"count":9,"href":"https:\/\/therismos.pl\/drukarnia\/wp-json\/wp\/v2\/pages\/363\/revisions"}],"predecessor-version":[{"id":716,"href":"https:\/\/therismos.pl\/drukarnia\/wp-json\/wp\/v2\/pages\/363\/revisions\/716"}],"wp:featuredmedia":[{"embeddable":true,"href":"https:\/\/therismos.pl\/drukarnia\/wp-json\/wp\/v2\/media\/573"}],"wp:attachment":[{"href":"https:\/\/therismos.pl\/drukarnia\/wp-json\/wp\/v2\/media?parent=363"}],"curies":[{"name":"wp","href":"https:\/\/api.w.org\/{rel}","templated":true}]}}