{"id":556,"date":"2017-07-03T15:59:43","date_gmt":"2017-07-03T13:59:43","guid":{"rendered":"http:\/\/therismos.pl\/drukarnia\/?page_id=556"},"modified":"2020-11-03T13:30:00","modified_gmt":"2020-11-03T12:30:00","slug":"kalendarze-2020","status":"publish","type":"page","link":"https:\/\/therismos.pl\/drukarnia\/kalendarze-2020\/","title":{"rendered":"Kalendarze 2021"},"content":{"rendered":"<p><img loading=\"lazy\" class=\"size-medium wp-image-819 aligncenter\" src=\"https:\/\/therismos.pl\/drukarnia\/wp-content\/uploads\/2020\/11\/oferta-na-kalendarze-tr\u00f3jdzielne-2021-212x300.jpg\" alt=\"\" width=\"212\" height=\"300\" srcset=\"https:\/\/therismos.pl\/drukarnia\/wp-content\/uploads\/2020\/11\/oferta-na-kalendarze-tr\u00f3jdzielne-2021-212x300.jpg 212w, https:\/\/therismos.pl\/drukarnia\/wp-content\/uploads\/2020\/11\/oferta-na-kalendarze-tr\u00f3jdzielne-2021-768x1089.jpg 768w, https:\/\/therismos.pl\/drukarnia\/wp-content\/uploads\/2020\/11\/oferta-na-kalendarze-tr\u00f3jdzielne-2021-722x1024.jpg 722w, https:\/\/therismos.pl\/drukarnia\/wp-content\/uploads\/2020\/11\/oferta-na-kalendarze-tr\u00f3jdzielne-2021-17x24.jpg 17w, https:\/\/therismos.pl\/drukarnia\/wp-content\/uploads\/2020\/11\/oferta-na-kalendarze-tr\u00f3jdzielne-2021-25x36.jpg 25w, https:\/\/therismos.pl\/drukarnia\/wp-content\/uploads\/2020\/11\/oferta-na-kalendarze-tr\u00f3jdzielne-2021-34x48.jpg 34w, https:\/\/therismos.pl\/drukarnia\/wp-content\/uploads\/2020\/11\/oferta-na-kalendarze-tr\u00f3jdzielne-2021.jpg 1753w\" sizes=\"(max-width: 212px) 100vw, 212px\" \/><\/p>\n<p>&nbsp;<\/p>\n","protected":false},"excerpt":{"rendered":"<p>Jaka reklama jest najskuteczniejsza? Taka, kt\u00f3r\u0105 zauwa\u017ca si\u0119 ka\u017cdego dnia. Kalendarze \u015bcienne to niezmiennie doskona\u0142a forma brandingu. Nasze kalendarze tr\u00f3jdzielne gwarantuj\u0105, \u017ce logotyp Pa\u0144stwa firmy b\u0119dzie widoczny przez 365 dni w roku, a dzi\u0119ki dok\u0142adnemu wykonaniu i odpowiednim materia\u0142om mo\u017cemy zapewni\u0107 najlepsz\u0105 jako\u015b\u0107. Zapraszamy do zapoznania si\u0119 ze \u015bwie\u017c\u0105 ofert\u0105 kalendarzy tr\u00f3jdzielnych na 2021 rok.<\/p>\n","protected":false},"author":1,"featured_media":587,"parent":0,"menu_order":0,"comment_status":"closed","ping_status":"closed","template":"page-offer.php","meta":[],"_links":{"self":[{"href":"https:\/\/therismos.pl\/drukarnia\/wp-json\/wp\/v2\/pages\/556"}],"collection":[{"href":"https:\/\/therismos.pl\/drukarnia\/wp-json\/wp\/v2\/pages"}],"about":[{"href":"https:\/\/therismos.pl\/drukarnia\/wp-json\/wp\/v2\/types\/page"}],"author":[{"embeddable":true,"href":"https:\/\/therismos.pl\/drukarnia\/wp-json\/wp\/v2\/users\/1"}],"replies":[{"embeddable":true,"href":"https:\/\/therismos.pl\/drukarnia\/wp-json\/wp\/v2\/comments?post=556"}],"version-history":[{"count":17,"href":"https:\/\/therismos.pl\/drukarnia\/wp-json\/wp\/v2\/pages\/556\/revisions"}],"predecessor-version":[{"id":822,"href":"https:\/\/therismos.pl\/drukarnia\/wp-json\/wp\/v2\/pages\/556\/revisions\/822"}],"wp:featuredmedia":[{"embeddable":true,"href":"https:\/\/therismos.pl\/drukarnia\/wp-json\/wp\/v2\/media\/587"}],"wp:attachment":[{"href":"https:\/\/therismos.pl\/drukarnia\/wp-json\/wp\/v2\/media?parent=556"}],"curies":[{"name":"wp","href":"https:\/\/api.w.org\/{rel}","templated":true}]}}

<p><img loading="lazy" class="size-medium wp-image-819 aligncenter" src="https://therismos.pl/drukarnia/wp-content/uploads/2020/11/oferta-na-kalendarze-trójdzielne-2021-212x300.jpg" alt="" width="212" height="300" srcset="https://therismos.pl/drukarnia/wp-content/uploads/2020/11/oferta-na-kalendarze-trójdzielne-2021-212x300.jpg 212w, https://therismos.pl/drukarnia/wp-content/uploads/2020/11/oferta-na-kalendarze-trójdzielne-2021-768x1089.jpg 768w, https://therismos.pl/drukarnia/wp-content/uploads/2020/11/oferta-na-kalendarze-trójdzielne-2021-722x1024.jpg 722w, https://therismos.pl/drukarnia/wp-content/uploads/2020/11/oferta-na-kalendarze-trójdzielne-2021-17x24.jpg 17w, https://therismos.pl/drukarnia/wp-content/uploads/2020/11/oferta-na-kalendarze-trójdzielne-2021-25x36.jpg 25w, https://therismos.pl/drukarnia/wp-content/uploads/2020/11/oferta-na-kalendarze-trójdzielne-2021-34x48.jpg 34w, https://therismos.pl/drukarnia/wp-content/uploads/2020/11/oferta-na-kalendarze-trójdzielne-2021.jpg 1753w" sizes="(max-width: 212px) 100vw, 212px" /></p>
<p>&nbsp;</p>

<p>Jaka reklama jest najskuteczniejsza? Taka, którą zauważa się każdego dnia. Kalendarze ścienne to niezmiennie doskonała forma brandingu. Nasze kalendarze trójdzielne gwarantują, że logotyp Państwa firmy będzie widoczny przez 365 dni w roku, a dzięki dokładnemu wykonaniu i odpowiednim materiałom możemy zapewnić najlepszą jakość. Zapraszamy do zapoznania się ze świeżą ofertą kalendarzy trójdzielnych na 2021 rok.</p>
